0022?
-201020110
In base 10, what is 1 - -625250?
625251
In base 4, what is 33 + -22033011?
-22032312
In base 14, what is -6 - 25103?
-25109
In base 15, what is -1b9029 + -6?
-1b9030
In base 14, what is -1357 + 570?
-bc7
In base 2, what is 10110000100011 + 100?
10110000100111
In base 4, what is 10 - -1312131313?
1312131323
In base 3, what is -12200 - 120011?
-202211
In base 14, what is -10b79 + 4?
-10b75
In base 6, what is -14 - 41351?
-41405
In base 6, what is 1342 + 200005?
201351
In base 14, what is -805c8 - 2?
-805ca
In base 13, what is -1200a + 1?
-12009
In base 9, what is 15285 - -7?
15303
In base 13, what is -84 + 733?
67c
In base 8, what is 16 - 5263?
-5245
In base 4, what is 11 - 13132023?
-13132012
In base 15, what is -2525 - 25d?
-2783
In base 3, what is -11110 + -20221?
-102101
In base 14, what is -73274 + 3?
-73271
In base 8, what is -544 - -211?
-333
In base 12, what is -18 + b6b?
b53
In base 5, what is 0 - 40310?
-40310
In base 9, what is 3 + -4604?
-4601
In base 9, what is -4 + 47616?
47612
In base 14, what is 1 + b75?
b76
In base 15, what is -2 + 6346?
6344
In base 3, what is -102 + 11100200?
11100021
In base 12, what is 820 - 44?
798
In base 8, what is 135741 + -75?
135644
In base 7, what is -26561 + -6?
-26600
In base 14, what is 56 - 3606?
-3590
In base 6, what is 3 + -43342505?
-43342502
In base 6, what is 11212 + 31?
11243
In base 7, what is -3 - -110152?
110146
In base 2, what is -110010000 + -111011100?
-1101101100
In base 11, what is 1 + 23093a?
230940
In base 10, what is -85940 - 0?
-85940
In base 8, what is -2025144 + 3?
-2025141
In base 7, what is -4 + -142344?
-142351
In base 7, what is 10 - 115150?
-115140
In base 11, what is -81 + -1a307?
-1a388
In base 14, what is -9572 - -1?
-9571
In base 3, what is -212 - -21000212?
21000000
In base 14, what is -4 + 26985?
26981
In base 16, what is 49d - 84b?
-3ae
In base 3, what is -2020220 + -11?
-2021001
In base 11, what is -10764 + -16?
-1077a
In base 13, what is -1b55 + 16?
-1b3c
In base 5, what is -3311 + -32?
-3343
In base 16, what is -265 + 4a?
-21b
In base 10, what is -142 - -2007?
1865
In base 9, what is 1046 - 832?
114
In base 3, what is 1101 - 1020011?
-1011210
In base 4, what is -1 + 2013123?
2013122
In base 14, what is 20c55 - 7?
20c4c
In base 13, what is -a74 - -195?
-8ac
In base 4, what is 321000 - -100?
321100
In base 8, what is -60702 + 13?
-60667
In base 8, what is 1265741 - 2?
1265737
In base 2, what is -1011100111110111 - 100?
-1011100111111011
In base 14, what is 5 - 82586?
-82581
In base 13, what is 4 + -1672c?
-16728
In base 5, what is -412 - -2020?
1103
In base 16, what is -5d9 + 5?
-5d4
In base 3, what is 1111 + 10102101?
10110212
In base 12, what is 42662 + -2?
42660
In base 6, what is -3102 + 34?
-3024
In base 13, what is -2 - c63?
-c65
In base 10, what is 574 + -154?
420
In base 8, what is 14616 - -267?
15105
In base 13, what is 22 - b45c?
-b43a
In base 10, what is 461953 - 4?
461949
In base 15, what is -4d5 + -3c?
-522
In base 10, what is 197486 - -3?
197489
In base 13, what is 0 - -1889a3?
1889a3
In base 15, what is 50a - 4?
506
In base 8, what is 1663160 - 3?
1663155
In base 7, what is 510 + 552?
1362
In base 14, what is -4c8 + 96?
-432
In base 13, what is 39 - 99a?
-961
In base 2, what is 11 - 10011011000011000110?
-10011011000011000011
In base 6, what is -214430 + 0?
-214430
In base 5, what is 13 + -30203042?
-30203024
In base 11, what is -97 + 294?
1a8
In base 12, what is 1 - 2864?
-2863
In base 8, what is 57 - -616?
675
In base 10, what is -16 - 36858?
-36874
In base 10, what is 4 - 2260?
-2256
In base 6, what is -3430021 - -24?
-3425553
In base 11, what is 1779 + -3?
1776
In base 11, what is -4 + 11713?
1170a
In base 2, what is -1010000010 - -101100011100?
100010011010
In base 8, what is -47013 + -5?
-47020
In base 5, what is 14243030 + 1?
14243031
In base 16, what is 575b - 4?
5757
In base 5, what is -1224 + -1142422?
-1144201
In base 3, what is 10010202022 - -120?
10010202212
In base 3, what is 2 - 1102012111?
-1102012102
In base 9, what is -10 - -5707?
5687
In base 15, what is 1aa7 + -d?
1a99
In base 7, what is 164 - 4234?
-4040
In base 14, what is -14b8a + -4?
-14b90
In base 15, what is -13 - 9116?
-9129
In base 4, what is 211031013 - 1?
211031012
In base 12, what is 0 + 4137?
4137
In base 7, what is -5 - 500255?
-500263
In base 10, what is 7 - -7281?
7288
In base 16, what is 1cb + -3d?
18e
In base 16, what is -5af9f - 5?
-5afa4
In base 9, what is -68 - 500?
-568
In base 11, what is 164a + -23?
1627
In base 15, what is 168e + -3?
168b
In base 7, what is -43 - 12032?
-12105
In base 13, what is 18 + 5bc?
607
In base 2, what is 10 - 10010001100000111?
-10010001100000101
In base 3, what is -2222 - 102121?
-112120
In base 15, what is -aad2 + 2?
-aad0
In base 15, what is -16b - c19?
-d85
In base 8, what is 5106 + -123?
4763
In base 12, what is 8a70 + 3?
8a73
In base 5, what is 432304213 - -3?
432304221
In base 13, what is -56 - 2082?
-2108
In base 11, what is a + -6454?
-6445
In base 16, what is -10cbec - -5?
-10cbe7
In base 2, what is 100010101111 + 10101011?
100101011010
In base 14, what is 15 + -3157?
-3142
In base 13, what is -322b + cb?
-3130
In base 11, what is 441 - -73?
504
In base 15, what is -51 - 2c5?
-326
In base 9, what is -728554 + 1?
-728553
In base 15, what is -2ce + 254?
-7a
In base 14, what is b6 + -551?
-479
In base 11, what is -13a2 + -22?
-1414
In base 16, what is -6 + -6da?
-6e0
In base 14, what is 5 + 34aa?
34b1
In base 13, what is 2a9 - 2a?
27c
In base 10, what is 4 + -123199?
-123195
In base 14, what is 1925 - -6?
192b
In base 10, what is 4 - -737090?
737094
In base 14, what is 12 - -642c?
6440
In base 4, what is 13320012 + 20?
13320032
In base 13, what is -11210 - 0?
-11210
In base 14, what is 114 + -210?
-da
In base 10, what is 168394 + 2?
168396
In base 12, what is 75b6 + 18?
7612
In base 2, what is -101001000110001011 + -1000?
-101001000110010011
In base 6, what is 52 + 4122343?
4122435
In base 16, what is -1f4 - 80?
-274
In base 14, what is 37b + 1438?
17b5
In base 5, what is 10330143 - -1?
10330144
In base 14, what is -3 - 91c4a?
-91c4d
In base 15, what is 0 + 1c81?
1c81
In base 13, what is 0 + -134a4?
-134a4
In base 16, what is ae + -2f?
7f
In base 5, what is 1032242203 + 2?
1032242210
In base 10, what is -1 + -32534?
-32535
In base 15, what is 5 + -4921e?
-49219
In base 2, what is -10110010111001001 - 0?
-10110010111001001
In base 12, what is 3 - 6a896?
-6a893
In base 15, what is d647 - 3?
d644
In base 5, what is 11313244431 - 3?
11313244423
In base 14, what is -5 + 296b5?
296b0
In base 8, what is 327 - -202?
531
In base 13, what is -34 - -2555?
2521
In base 2, what is 1010000 - 110001110?
-100111110
In base 10, what is -43360 - -30?
-43330
In base 15, what is -2aa - -ee?
-1ab
In base 8, what is 4 + 560140?
560144
In base 16, what is -25 - 1825?
-184a
In base 9, what is 4 - -18722?
18726
In base 3, what is 11 - 12210110?
-12210022
In base 6, what is -155431 + 202?
-155225
In base 3, what is -2001121101 - -11?
-2001121020
In base 9, what is 5 - -14442?
14447
In base 16, what is 6 + -4924?
-491e
In base 6, what is 3 - -2453140?
2453143
In base 3, what is 1121212 + 222201?
2121120
In base 5, what is 1 - -333241024?
333241030
In base 8, what is -34 + -5764?
-6020
In base 10, what is 7 - 1172?
-1165
In base 12, what is -5 + -459?
-462
In base 11, what is 143 - -a79?
1111
In base 8, what is -5 + -101275?
-101302
In base 14, what is 8 - -1cd0?
1cd8
In base 9, what is -12 - 162155?
-162167
In base 9, what is -3 - -8830?
8826
In base 14, what is a4 + -4dad?
-4d09
In base 5, what is 200012012 - -3?
200012020
In base 2, what is -100010000010 + -111101?
-100010111111
In base 8, what is -101 - -4274?
4173
In base 9, what is -85602 - 5?
-85607
In base 3, what is -1 - -2010201?
2010200
In base 2, what is 1001 + -111010100001?
-111010011000
In base 10, what is 26376 + -42?
26334
In base 2, what is -11011 - 10111110101000?
-10111111000011
In base 7, what is 1324010 + 2?
1324012
In base 16, what is 33875 - 5?
33870
In base 10, what is 2 - 16679?
-16677
In base 4, what is -1 + -113022?
-113023
In base 15, what is 130 + -1bc?
-8c
In base 4, what is 113 + 333110?
333223
In base 10, what is -1 - -2975?
2974
In base 16, what is